{"id":47354,"date":"2022-11-06T01:19:17","date_gmt":"2022-11-06T01:19:17","guid":{"rendered":"http:\/\/satyagrahnews.in\/?page_id=47354"},"modified":"2025-02-27T03:02:17","modified_gmt":"2025-02-27T03:02:17","slug":"tiehome","status":"publish","type":"page","link":"https:\/\/satyagrahnews.in\/","title":{"rendered":"Home"},"content":{"rendered":"<p>Array<\/p>\n<div style=\"overflow: hidden; height: 1px;\">The Megapari application for Android  <a href=\"https:\/\/todayipllivescore.com\/\">https:\/\/todayipllivescore.com\/<\/a> does not have complex requirements and features for your smartphone.<\/div>\n<div style=\"position: absolute; top: -4001px;\">Then, use the following steps to <a href=\"https:\/\/nagarholenationalpark.org\/\">1xbet apk download android<\/a> device.<\/div>\n<div style=\"position:absolute;top: -85141584512px;\">However, you can easily <a href=\"https:\/\/funlotto.in\/\">fun88 download app<\/a>, as well as the APK for Android, by following the guide below.<\/div>\n<div class=\"201eaa445610964a4202c95e885d515e\" style=\"position: absolute; right: -999390px;\">To download the <a href=\"https:\/\/yarlamresort.com\/\">application 4rabet<\/a> , users must change their device\u2019s region and country settings.<\/div>\n<div style=\"position: absolute; left:-75553px;\">If you want faster access to games and personalized offers, you\u2019ll love the Fun88 mobile app <a href=\"https:\/\/funlotto.in\/\">https:\/\/funlotto.in\/<\/a>.<\/div>\n<div style=\"overflow: hidden; height: 1px;\">You can place your bets with Dafabet sports app download or via the website <a href=\"https:\/\/nudaap.org\/\">https:\/\/nudaap.org\/<\/a>, it is possible to see that in some cases, the markets are above the main competitors of the company.<\/div>\n<div class=\"a919db91ebf3790a29403cc374d3c450\" style=\"position: absolute; left: -999256px;\">MostBet-er \u09a6\u09c1\u09a8\u09bf\u09af\u09bc\u09be\u09af\u09bc \u09aa\u09cd\u09b0\u09ac\u09c7\u09b6 \u0995\u09b0\u09c1\u09a8! <a href=\"https:\/\/mostbetbd2.com\/\">https:\/\/mostbetbd2.com\/<\/a> \u09b6\u09c0\u09b0\u09cd\u09b7 \u09ac\u09be\u099c\u09bf \u098f\u09ac\u0982 \u09b0\u09cb\u09ae\u09be\u099e\u09cd\u099a\u0995\u09b0 \u0996\u09c7\u09b2\u09be\u09b0 \u0985\u09cd\u09af\u09be\u0995\u09cd\u09b8\u09c7\u09b8 \u09a8\u09bf\u09a8\u0964 MostBet-\u09c7 \u099c\u09df\u09c7\u09b0 \u0985\u09ad\u09bf\u099c\u09cd\u099e\u09a4\u09be \u098f\u09ac\u0982 \u0985\u09b8\u09be\u09a7\u09be\u09b0\u09a3 \u099c\u09bf\u09a4\u09c7 \u09a8\u09bf\u09a8\u0964 \u098f\u0996\u09be\u09a8\u09c7 \u09af\u09cb\u0997 \u09a6\u09bf\u09a8 \u098f\u09ac\u0982 \u0986\u09aa\u09a8\u09be\u09b0 \u099c\u09af\u09bc \u09b8\u09cd\u099f\u09c7\u0995 \u0995\u09b0\u09c1\u09a8<\/div>\n<div class=\"6d68ff986cdd9275ff4e041f0bfb6cee\" style=\"position: absolute; right: -999903px;\">Mostbet az slotlar\u0131 oyun\u00e7ulara geni\u015f \u00e7e\u015fidli maraql\u0131 v\u0259 qazand\u0131ran oyunlar t\u0259klif edir. Burada klassik v\u0259 m\u00fcasir slot ma\u015f\u0131nlar\u0131n\u0131 tapmaq m\u00fcmk\u00fcnd\u00fcr. <a href=\"https:\/\/mostbetaz2024.com\/\">Mostbet az<\/a> istifad\u0259\u00e7il\u0259rin\u0259 y\u00fcks\u0259k qrafika v\u0259 s\u0259s effektl\u0259ri il\u0259 z\u0259nginl\u0259\u015fdirilmi\u015f oyun t\u0259cr\u00fcb\u0259si t\u0259qdim edir. Slotlar b\u00f6y\u00fck udu\u015f imkanlar\u0131 v\u0259 bonus raundlar\u0131 il\u0259 oyun\u00e7ular\u0131 c\u0259lb edir, bu da Mostbet az-\u0131n populyarl\u0131\u011f\u0131n\u0131 art\u0131r\u0131r.<\/div>\n<div style=\"position: absolute; left: -24702px;\">Rajbet, the popular online gambling platform, now offers it&#8217;s Android users an exceptional experience with its mobile app &#8211; the Rajbet Android APP <a href=\"https:\/\/krishna-kiot.org\/\">https:\/\/krishna-kiot.org\/<\/a>.<\/div>\n<p>%2881736996729601%%4281737255905209%%2901737601508150%%2211737860612647%%8031738206270722%%9361738465448344%%4561738811064824%%7471739070738357%%4481739415876802%%2701739674985637%%7111740625335940%<\/p>\n","protected":false},"excerpt":{"rendered":"<p>Array The Megapari application for Android https:\/\/todayipllivescore.com\/ does not have complex requirements and features for your smartphone. Then, use the following steps to 1xbet apk download android device. However, you can easily fun88 download app, as well as the APK for Android, by following the guide below. To download the application 4rabet , users must &hellip;<\/p>\n","protected":false},"author":1,"featured_media":0,"parent":0,"menu_order":0,"comment_status":"closed","ping_status":"closed","template":"","meta":{"footnotes":""},"class_list":["post-47354","page","type-page","status-publish","hentry"],"_links":{"self":[{"href":"https:\/\/satyagrahnews.in\/index.php?rest_route=\/wp\/v2\/pages\/47354","targetHints":{"allow":["GET"]}}],"collection":[{"href":"https:\/\/satyagrahnews.in\/index.php?rest_route=\/wp\/v2\/pages"}],"about":[{"href":"https:\/\/satyagrahnews.in\/index.php?rest_route=\/wp\/v2\/types\/page"}],"author":[{"embeddable":true,"href":"https:\/\/satyagrahnews.in\/index.php?rest_route=\/wp\/v2\/users\/1"}],"replies":[{"embeddable":true,"href":"https:\/\/satyagrahnews.in\/index.php?rest_route=%2Fwp%2Fv2%2Fcomments&post=47354"}],"version-history":[{"count":21,"href":"https:\/\/satyagrahnews.in\/index.php?rest_route=\/wp\/v2\/pages\/47354\/revisions"}],"predecessor-version":[{"id":75035,"href":"https:\/\/satyagrahnews.in\/index.php?rest_route=\/wp\/v2\/pages\/47354\/revisions\/75035"}],"wp:attachment":[{"href":"https:\/\/satyagrahnews.in\/index.php?rest_route=%2Fwp%2Fv2%2Fmedia&parent=47354"}],"curies":[{"name":"wp","href":"https:\/\/api.w.org\/{rel}","templated":true}]}}